{"id":10,"date":"2020-08-29T08:36:48","date_gmt":"2020-08-29T08:36:48","guid":{"rendered":"http:\/\/xstreamdev.com\/wmware\/?page_id=10"},"modified":"2021-09-16T08:51:05","modified_gmt":"2021-09-16T06:51:05","slug":"landing-page","status":"publish","type":"page","link":"https:\/\/vmware-journey.hr\/workspaceone\/","title":{"rendered":"Landing Page"},"content":{"rendered":"<p>[vc_row row_padding=&#8221;xt-padding-initial&#8221; el_class=&#8221;colors-row&#8221;][vc_column width=&#8221;7\/12&#8243; el_class=&#8221;xt-1&#8243;][\/vc_column][vc_column width=&#8221;1\/12&#8243; el_class=&#8221;xt-2&#8243;][\/vc_column][vc_column width=&#8221;1\/12&#8243; el_class=&#8221;xt-3&#8243;][\/vc_column][vc_column width=&#8221;1\/12&#8243; el_class=&#8221;xt-4&#8243;][\/vc_column][vc_column width=&#8221;1\/12&#8243; el_class=&#8221;xt-5&#8243;][\/vc_column][vc_column width=&#8221;1\/12&#8243; el_class=&#8221;xt-6&#8243;][\/vc_column][\/vc_row][vc_row row_padding=&#8221;xt-padding-initial&#8221; css=&#8221;.vc_custom_1598692554829{padding-top: 70px !important;padding-bottom: 70px !important;}&#8221; el_class=&#8221;logo-row&#8221;][vc_column][vc_column_text el_class=&#8221;xt-logo&#8221;]<a href=\"https:\/\/www.vmware.com\/\" target=\"_blank\" rel=\"noopener noreferrer\"><img class=\"alignnone size-medium wp-image-20\" src=\"https:\/\/vmware-journey.hr\/workspaceone\/wp-content\/uploads\/2020\/08\/logo.svg\" alt=\"\" width=\"194\" \/><\/a>[\/vc_column_text][vc_column_text el_class=&#8221;client-logo&#8221;]<a href=\"https:\/\/snt.hr\/\" target=\"_blank\" rel=\"noopener noreferrer\"><img class=\"alignnone size-medium wp-image-23\" src=\"https:\/\/vmware-journey.hr\/workspaceone\/wp-content\/uploads\/2020\/12\/logo.svg\" alt=\"\" width=\"90\" \/><\/a>[\/vc_column_text][\/vc_column][\/vc_row][vc_row row_padding=&#8221;xt-padding-initial&#8221; el_class=&#8221;xt-header&#8221; css=&#8221;.vc_custom_1598693245169{padding-top: 20px !important;padding-bottom: 90px !important;}&#8221;][vc_column][vc_column_text]<\/p>\n<h1>Workspace ONE<\/h1>\n<p>[\/vc_column_text][vc_column_text]Kreativnost i produktivnost va\u0161eg tima, bilo gdje, bilo kada, na bilo kojem ure\u0111aju.[\/vc_column_text][vc_btn title=&#8221;ISPROBAJTE SADA&#8221; style=&#8221;flat&#8221; shape=&#8221;square&#8221; color=&#8221;green&#8221; size=&#8221;lg&#8221; align=&#8221;left&#8221; link=&#8221;url:https%3A%2F%2Fvmware-journey.hr%2Fworkspaceone%2F%23register|||&#8221;][\/vc_column][\/vc_row][vc_row row_padding=&#8221;xt-padding-initial&#8221; el_class=&#8221;xt-expandable&#8221; css=&#8221;.vc_custom_1598708011723{padding-top: 60px !important;padding-bottom: 40px !important;}&#8221;][vc_column][vc_row_inner][vc_column_inner offset=&#8221;vc_col-lg-offset-1 vc_col-lg-10&#8243;][vc_column_text]<\/p>\n<h2>\u0160to je Workspace ONE?<\/h2>\n<p>[\/vc_column_text][vc_column_text el_class=&#8221;expanded-section&#8221;]<strong>Rad od ku\u0107e nikad nije bio jednostavniji<\/strong><\/p>\n<p>Tehnologija stalno napreduje i mijenja na\u010din na koji zaposlenici obavljaju svoj posao. Sve \u010de\u0161\u0107i <strong>rad od ku\u0107e<\/strong> mnoge je tvrtke, uklju\u010duju\u0107i i <strong>VMware<\/strong>, potaknuo da prona\u0111u nove na\u010dine <strong>osposobljavanja zaposlenika<\/strong>. U situaciji kada <strong>pristup korporativnom ra\u010dunalu<\/strong> nije mogu\u0107, osiguravanje jednostavnog i fleksibilnog <strong>digitalnog radnog prostora<\/strong> od presudne je va\u017enosti za neometano poslovanje tvrtke. Komunikacija sa suradnicima, nadre\u0111enima i klijentima postaje jednostavna ako zaposlenici mogu na siguran na\u010din <strong>pristupiti informacijama i aplikacijama<\/strong> potrebnim za <strong>rad bilo kada, bilo gdje i s bilo kojeg ure\u0111aja<\/strong>.<\/p>\n<p><strong>Jednostavan pristup svim potrebnim aplikacijama<\/strong><\/p>\n<p><strong>Workspace ONE<\/strong> Intelligent Hub objedinjuje sve aplikacije potrebne zaposlenicima u jedinstvenom katalogu kojem se pristupa putem web preglednika. U katalogu je mogu\u0107e potra\u017eiti odre\u0111enu aplikaciju ili ga <strong>pretra\u017eivati po kategorijama<\/strong> kao \u0161to su marketing, prodaja, <strong>ljudski resursi<\/strong> dok se potrebna aplikacija ne identificira. U slu\u010daju da je za kori\u0161tenje neke aplikacije ili podataka koje ona sadr\u017ei potrebno odobrenje, zaposlenik mo\u017ee klikom mi\u0161a zatra\u017eiti pristup koji je jednako jednostavno i odobriti.<\/p>\n<p><strong>Poslovno potpuno odvojeno od privatnog<\/strong><\/p>\n<p>Uz VMware Workspace ONE politika kori\u0161tenja vlastitog ure\u0111aja (<strong>BYOD \/ bring your own device<\/strong>) postaje pozitivno poslovno iskustvo. Naime, ova <strong>digitalna platforma<\/strong> odvaja poslovne i privatne segmente ra\u010dunala; tijekom rada nikad ne\u0107e tra\u017eiti pristup osobnim podacima i aplikacijama zaposlenika niti ih na bilo koji na\u010din izmijeniti, a poslovni podaci tvrtke su potpuno za\u0161ti\u0107eni.<\/p>\n<p><strong>Ne treba vam ni VPN<\/strong><\/p>\n<p>Pristup Workspace ONE-u i ve\u0107ini aplikacija mogu\u0107 je bez kori\u0161tenja VPN-a. U rijetkim slu\u010dajevima kada funkcionalnost aplikacije zahtjeva VPN ili fizi\u010dko ra\u010dunalo umjesto web preglednika, mogu\u0107e je koristiti virtualnu ra\u010dunalnu infrastrukturu (VDI) putem <strong>VMware Horizona<\/strong>.[\/vc_column_text]<a class=\"expandable-trigger xt-button\" href=\"javascript:void(0)\">PRIKA\u017dI VI\u0160E<\/a>[\/vc_column_inner][\/vc_row_inner][vc_row_inner el_class=&#8221;xt-center&#8221; css=&#8221;.vc_custom_1598705131142{margin-top: 50px !important;}&#8221;][vc_column_inner][vc_btn title=&#8221;ISPROBAJTE SADA&#8221; style=&#8221;flat&#8221; shape=&#8221;square&#8221; color=&#8221;green&#8221; size=&#8221;lg&#8221; align=&#8221;center&#8221; link=&#8221;url:https%3A%2F%2Fvmware-journey.hr%2Fworkspaceone%2F%23register|||&#8221;][vc_column_text]<a href=\"https:\/\/vmware-journey.hr\/workspaceone\/#register\"><img class=\"size-medium wp-image-252 aligncenter\" src=\"https:\/\/vmware-journey.hr\/workspaceone\/wp-content\/uploads\/2021\/09\/down.svg\" alt=\"\" width=\"26\" \/><\/a>[\/vc_column_text][\/vc_column_inner][\/vc_row_inner][\/vc_column][\/vc_row][vc_row row_padding=&#8221;xt-padding-initial&#8221; full_width=&#8221;stretch_row_content_no_spaces&#8221; el_id=&#8221;register&#8221; el_class=&#8221;register&#8221;][vc_column width=&#8221;1\/2&#8243; css=&#8221;.vc_custom_1598708434715{background-color: #F5F5F5 !important;}&#8221;][vc_row_inner el_class=&#8221;title-row&#8221;][vc_column_inner width=&#8221;1\/6&#8243;][\/vc_column_inner][vc_column_inner width=&#8221;5\/6&#8243;][vc_column_text el_class=&#8221;blue-box&#8221;]1. KORAK[\/vc_column_text][vc_column_text]<\/p>\n<h2>Izaberi opciju<\/h2>\n<p>[\/vc_column_text][\/vc_column_inner][\/vc_row_inner][vc_row_inner css=&#8221;.vc_custom_1598710818039{margin-bottom: 30px !important;}&#8221;][vc_column_inner width=&#8221;1\/6&#8243;][vc_raw_html]JTNDZGl2JTIwY2xhc3MlM0QlMjJjaGVja2JveC1jb250YWluZXIlMjBjaXJjdWxhci1jb250YWluZXIlMjIlM0UlMEElMjAlMjAlM0NsYWJlbCUyMGNsYXNzJTNEJTIyY2hlY2tib3gtbGFiZWwlMjIlM0UlMEElMjAlMjAlMjAlMjAlM0NpbnB1dCUyMHR5cGUlM0QlMjJjaGVja2JveCUyMiUyMGlkJTNEJTIyeHQtcmVnaXN0ZXItMSUyMiUyMGNsYXNzJTNEJTIyeHQtcmVnaXN0ZXIlMjIlMjB2YWx1ZSUzRCUyMmh0dHBzJTNBJTJGJTJGdm10ZXN0ZHJpdmUuY29tJTJGc2lnbnVwJTIwJTIyJTNFJTBBJTIwJTIwJTIwJTIwJTNDc3BhbiUyMGNsYXNzJTNEJTIyY2hlY2tib3gtY3VzdG9tJTIwY2lyY3VsYXIlMjIlM0UlM0MlMkZzcGFuJTNFJTBBJTIwJTIwJTNDJTJGbGFiZWwlM0UlMEElM0MlMkZkaXYlM0U=[\/vc_raw_html][\/vc_column_inner][vc_column_inner width=&#8221;5\/6&#8243;][vc_column_text]<\/p>\n<p class=\"p1\"><span class=\"s1\"><b>VMware TestDrive<\/b><br \/>\n<\/span>Najva\u017enija karakteristika digitalnog radnog prostora njegova je funkcionalnost. TESTDRIVE vam omugu\u0107ava da isprobate sve mogu\u0107nosti i fleksibilnost Workspace ONE platforme bez instaliranja.<\/p>\n<p>[\/vc_column_text][\/vc_column_inner][\/vc_row_inner][vc_row_inner css=&#8221;.vc_custom_1598710823822{margin-bottom: 30px !important;}&#8221;][vc_column_inner width=&#8221;1\/6&#8243;][vc_raw_html]JTNDZGl2JTIwY2xhc3MlM0QlMjJjaGVja2JveC1jb250YWluZXIlMjBjaXJjdWxhci1jb250YWluZXIlMjIlM0UlMEElMjAlMjAlM0NsYWJlbCUyMGNsYXNzJTNEJTIyY2hlY2tib3gtbGFiZWwlMjIlM0UlMEElMjAlMjAlMjAlMjAlM0NpbnB1dCUyMHR5cGUlM0QlMjJjaGVja2JveCUyMiUyMGlkJTNEJTIyeHQtcmVnaXN0ZXItMiUyMiUyMGNsYXNzJTNEJTIyeHQtcmVnaXN0ZXIlMjIlMjB2YWx1ZSUzRCUyMmh0dHBzJTNBJTJGJTJGdGVjaHpvbmUudm13YXJlLmNvbSUyRm1hc3RlcmluZy13b3Jrc3BhY2Utb25lJTIyJTNFJTBBJTIwJTIwJTIwJTIwJTNDc3BhbiUyMGNsYXNzJTNEJTIyY2hlY2tib3gtY3VzdG9tJTIwY2lyY3VsYXIlMjIlM0UlM0MlMkZzcGFuJTNFJTBBJTIwJTIwJTNDJTJGbGFiZWwlM0UlMEElM0MlMkZkaXYlM0U=[\/vc_raw_html][\/vc_column_inner][vc_column_inner width=&#8221;5\/6&#8243;][vc_column_text]<\/p>\n<p class=\"p1\"><span class=\"s1\"><b>Mastering Workspace ONE<\/b><br \/>\n<\/span>Workspace ONE od A do \u017d. Tekstovi, videa, detaljni prikazi&#8230; sve \u0161to trebate znati o VMware rje\u0161enju digitalnog radnog prostora.<\/p>\n<p>[\/vc_column_text][\/vc_column_inner][\/vc_row_inner][vc_row_inner css=&#8221;.vc_custom_1598710828673{margin-bottom: 30px !important;}&#8221;][vc_column_inner width=&#8221;1\/6&#8243;][vc_raw_html]JTNDZGl2JTIwY2xhc3MlM0QlMjJjaGVja2JveC1jb250YWluZXIlMjBjaXJjdWxhci1jb250YWluZXIlMjIlM0UlMEElMjAlMjAlM0NsYWJlbCUyMGNsYXNzJTNEJTIyY2hlY2tib3gtbGFiZWwlMjIlM0UlMEElMjAlMjAlMjAlMjAlM0NpbnB1dCUyMHR5cGUlM0QlMjJjaGVja2JveCUyMiUyMGlkJTNEJTIyeHQtcmVnaXN0ZXItMyUyMiUyMGNsYXNzJTNEJTIyeHQtcmVnaXN0ZXIlMjIlMjB2YWx1ZSUzRCUyMmh0dHBzJTNBJTJGJTJGdm13YXJlLWpvdXJuZXkuaHIlMkZ3b3Jrc3BhY2VvbmUlMkZ3cC1jb250ZW50JTJGdXBsb2FkcyUyRjIwMjElMkYwMSUyRlRyaS1rbGp1Y25hLXNhdmpldGEtVk13YXJlLVNuVC5wZGYlMjIlM0UlMEElMjAlMjAlMjAlMjAlM0NzcGFuJTIwY2xhc3MlM0QlMjJjaGVja2JveC1jdXN0b20lMjBjaXJjdWxhciUyMiUzRSUzQyUyRnNwYW4lM0UlMEElMjAlMjAlM0MlMkZsYWJlbCUzRSUwQSUzQyUyRmRpdiUzRQ==[\/vc_raw_html][\/vc_column_inner][vc_column_inner width=&#8221;5\/6&#8243;][vc_column_text]<\/p>\n<p class=\"p1\"><span class=\"s1\"><b>Tri klju\u010dna savjeta za radno osposobljavanje na daljinu<\/b><br \/>\n<\/span>Mnoge se kompanije sve vi\u0161e okre\u0107u radu od ku\u0107e. Doznajte kako to utje\u010de na radno osposobljavanje i \u0161to vam mo\u017ee pomo\u0107i da \u0161to bezbolnije provedete radno osposobljavanje na daljinu.<\/p>\n<p>[\/vc_column_text][\/vc_column_inner][\/vc_row_inner][vc_row_inner css=&#8221;.vc_custom_1598710833185{margin-bottom: 30px !important;}&#8221;][vc_column_inner width=&#8221;1\/6&#8243;][vc_raw_html]JTNDZGl2JTIwY2xhc3MlM0QlMjJjaGVja2JveC1jb250YWluZXIlMjBjaXJjdWxhci1jb250YWluZXIlMjIlM0UlMEElMjAlMjAlM0NsYWJlbCUyMGNsYXNzJTNEJTIyY2hlY2tib3gtbGFiZWwlMjIlM0UlMEElMjAlMjAlMjAlMjAlM0NpbnB1dCUyMHR5cGUlM0QlMjJjaGVja2JveCUyMiUyMGlkJTNEJTIyeHQtcmVnaXN0ZXItNCUyMiUyMGNsYXNzJTNEJTIyeHQtcmVnaXN0ZXIlMjIlMjB2YWx1ZSUzRCUyMmh0dHBzJTNBJTJGJTJGdm13YXJlLWpvdXJuZXkuaHIlMkZ3b3Jrc3BhY2VvbmUlMkZ3cC1jb250ZW50JTJGdXBsb2FkcyUyRjIwMjElMkYwMSUyRmVCb29rLVRoZS1GdXR1cmUtb2YtUmVtb3RlLVdvcmstU2VjdXJpbmctYS1EaXN0cmlidXRlZC1Xb3JrZm9yY2UucGRmJTIyJTNFJTBBJTIwJTIwJTIwJTIwJTNDc3BhbiUyMGNsYXNzJTNEJTIyY2hlY2tib3gtY3VzdG9tJTIwY2lyY3VsYXIlMjIlM0UlM0MlMkZzcGFuJTNFJTBBJTIwJTIwJTNDJTJGbGFiZWwlM0UlMEElM0MlMkZkaXYlM0U=[\/vc_raw_html][\/vc_column_inner][vc_column_inner width=&#8221;5\/6&#8243;][vc_column_text]<\/p>\n<p class=\"p1\"><span class=\"s1\"><b>Novo normalno donosi i nove prijetnje<\/b><br \/>\n<\/span>Zbog Covid-19 pandemije, izme\u0111u velja\u010de i travnja 2020. VMware je zabilje\u017eio porast rada na daljinu od \u010dak 70 posto! Sprje\u010davanje, otkrivanje i reagiranje na prijetnje u ovakvim je situacijama od iznimne va\u017enosti. Osigurajte svojim zaposlenicima siguran rad od ku\u0107e.<\/p>\n<p>[\/vc_column_text][\/vc_column_inner][\/vc_row_inner][\/vc_column][vc_column width=&#8221;1\/2&#8243; css=&#8221;.vc_custom_1608125044511{background-color: #efefef !important;}&#8221;][vc_column_text el_class=&#8221;blue-box&#8221;]2. KORAK[\/vc_column_text][vc_column_text]<\/p>\n<h2>Registriraj se<\/h2>\n<p>[\/vc_column_text]<div role=\"form\" class=\"wpcf7\" id=\"wpcf7-f72-o1\" lang=\"en-US\" dir=\"ltr\">\n<div class=\"screen-reader-response\" role=\"alert\" aria-live=\"polite\"><\/div>\n<form action=\"\/workspaceone\/wp-json\/wp\/v2\/pages\/10#wpcf7-f72-o1\" method=\"post\" class=\"wpcf7-form init\" novalidate=\"novalidate\">\n<div style=\"display: none;\">\n<input type=\"hidden\" name=\"_wpcf7\" value=\"72\" \/>\n<input type=\"hidden\" name=\"_wpcf7_version\" value=\"5.2.2\" \/>\n<input type=\"hidden\" name=\"_wpcf7_locale\" value=\"en_US\" \/>\n<input type=\"hidden\" name=\"_wpcf7_unit_tag\" value=\"wpcf7-f72-o1\" \/>\n<input type=\"hidden\" name=\"_wpcf7_container_post\" value=\"0\" \/>\n<input type=\"hidden\" name=\"_wpcf7_posted_data_hash\" value=\"\" \/>\n<\/div>\n<p><span class=\"wpcf7-form-control-wrap first-name\"><input type=\"text\" name=\"first-name\" value=\"\" size=\"40\" class=\"wpcf7-form-control wpcf7-text wpcf7-validates-as-required\" aria-required=\"true\" aria-invalid=\"false\" placeholder=\"Ime\" \/><\/span><br \/>\n<span class=\"wpcf7-form-control-wrap last-name\"><input type=\"text\" name=\"last-name\" value=\"\" size=\"40\" class=\"wpcf7-form-control wpcf7-text wpcf7-validates-as-required\" aria-required=\"true\" aria-invalid=\"false\" placeholder=\"Prezime\" \/><\/span><br \/>\n<span class=\"wpcf7-form-control-wrap company\"><input type=\"text\" name=\"company\" value=\"\" size=\"40\" class=\"wpcf7-form-control wpcf7-text wpcf7-validates-as-required\" aria-required=\"true\" aria-invalid=\"false\" placeholder=\"Tvrtka\" \/><\/span><br \/>\n<span class=\"wpcf7-form-control-wrap position\"><input type=\"text\" name=\"position\" value=\"\" size=\"40\" class=\"wpcf7-form-control wpcf7-text wpcf7-validates-as-required\" aria-required=\"true\" aria-invalid=\"false\" placeholder=\"Pozicija\" \/><\/span><br \/>\n<span class=\"wpcf7-form-control-wrap phone\"><input type=\"text\" name=\"phone\" value=\"\" size=\"40\" class=\"wpcf7-form-control wpcf7-text wpcf7-validates-as-required\" aria-required=\"true\" aria-invalid=\"false\" placeholder=\"Mob\/Tel\" \/><\/span><br \/>\n<span class=\"wpcf7-form-control-wrap your-email\"><input type=\"email\" name=\"your-email\" value=\"\" size=\"40\" class=\"wpcf7-form-control wpcf7-text wpcf7-email wpcf7-validates-as-required wpcf7-validates-as-email\" aria-required=\"true\" aria-invalid=\"false\" placeholder=\"Email\" \/><\/span><\/p>\n<input type=\"hidden\" name=\"thankyouURL\" value=\"https:\/\/vmtestdrive.com\/signup\" class=\"wpcf7-form-control wpcf7-hidden\" id=\"thankyouURL\" \/>\n<p><label><br \/>\n<span class=\"wpcf7-form-control-wrap checkbox-229\"><span class=\"wpcf7-form-control wpcf7-checkbox wpcf7-validates-as-required\"><span class=\"wpcf7-list-item first last\"><input type=\"checkbox\" name=\"checkbox-229[]\" value=\"GDPR PRIVOLA\" \/><span class=\"wpcf7-list-item-label\">GDPR PRIVOLA<\/span><\/span><\/span><\/span><br \/>\n<small>Prihva\u0107am ustupanje svojih osobnih podataka iz forme iznad u svrhu kontaktiranja mene i\/ili moje organizacije u vezi pru\u017eanja informacija o rje\u0161enjima obuhva\u0107enih ovom kampanjom (VMware Workspace ONE) a od strane predstavnika tvrtke S&T Hrvatska d.o.o. Kontakt u vezi za\u0161tite podataka: <a href=\"mailto:zastitapodataka@snt.hr\">zastitapodataka@snt.hr<\/a><\/br><\/small><br \/>\n<span class=\"checkbox-custom circular\"><\/span><br \/>\n<\/label><\/p>\n<p><input type=\"submit\" value=\"Po\u0161alji!\" class=\"wpcf7-form-control wpcf7-submit\" \/><\/p>\n<div class=\"wpcf7-response-output\" role=\"alert\" aria-hidden=\"true\"><\/div><\/form><\/div>[\/vc_column][\/vc_row][vc_row row_padding=&#8221;xt-padding-initial&#8221; css=&#8221;.vc_custom_1598711336772{padding-top: 100px !important;padding-bottom: 150px !important;background-color: #ffffff !important;}&#8221; el_class=&#8221;social-links&#8221;][vc_column][vc_column_text]<a href=\"https:\/\/www.linkedin.com\/company\/s&amp;t-croatia\/\" target=\"_blank\" rel=\"noopener noreferrer\"><img loading=\"lazy\" class=\"alignnone size-full wp-image-65\" src=\"https:\/\/vmware-journey.hr\/workspaceone\/wp-content\/uploads\/2020\/08\/ln.svg\" alt=\"\" width=\"34\" height=\"33\" srcset=\"https:\/\/vmware-journey.hr\/workspaceone\/wp-content\/uploads\/\/2020\/08\/ln.svg 150w, https:\/\/vmware-journey.hr\/workspaceone\/wp-content\/uploads\/\/2020\/08\/ln.svg 300w, https:\/\/vmware-journey.hr\/workspaceone\/wp-content\/uploads\/\/2020\/08\/ln.svg 1024w, https:\/\/vmware-journey.hr\/workspaceone\/wp-content\/uploads\/\/2020\/08\/ln.svg 34w\" sizes=\"(max-width: 34px) 100vw, 34px\" \/><\/a>[\/vc_column_text][\/vc_column][\/vc_row][vc_row row_padding=&#8221;xt-padding-initial&#8221; css=&#8221;.vc_custom_1600437106458{padding-top: 50px !important;padding-bottom: 120px !important;background-color: #f9f8f9 !important;}&#8221; el_class=&#8221;xt-footer&#8221;][vc_column][vc_column_text el_class=&#8221;footer-font&#8221;]<\/p>\n<p class=\"p1\"><span class=\"s1\">Copyright \u00a9 2020 VMware, Inc. All rights reserved.<\/span><\/p>\n<p>[\/vc_column_text][\/vc_column][\/vc_row]<\/p>\n","protected":false},"excerpt":{"rendered":"<p>[vc_row row_padding=&#8221;xt-padding-initial&#8221; el_class=&#8221;colors-row&#8221;][vc_column width=&#8221;7\/12&#8243; el_class=&#8221;xt-1&#8243;][\/vc_column][vc_column width=&#8221;1\/12&#8243; el_class=&#8221;xt-2&#8243;][\/vc_column][vc_column width=&#8221;1\/12&#8243; el_class=&#8221;xt-3&#8243;][\/vc_column][vc_column width=&#8221;1\/12&#8243; el_class=&#8221;xt-4&#8243;][\/vc_column][vc_column width=&#8221;1\/12&#8243; el_class=&#8221;xt-5&#8243;][\/vc_column][vc_column width=&#8221;1\/12&#8243; el_class=&#8221;xt-6&#8243;][\/vc_column][\/vc_row][vc_row row_padding=&#8221;xt-padding-initial&#8221; css=&#8221;.vc_custom_1598692554829{padding-top: 70px !important;padding-bottom: 70px !important;}&#8221; el_class=&#8221;logo-row&#8221;][vc_column][vc_column_text el_class=&#8221;xt-logo&#8221;][\/vc_column_text][vc_column_text el_class=&#8221;client-logo&#8221;][\/vc_column_text][\/vc_column][\/vc_row][vc_row row_padding=&#8221;xt-padding-initial&#8221; el_class=&#8221;xt-header&#8221; css=&#8221;.vc_custom_1598693245169{padding-top: 20px !important;padding-bottom: 90px !important;}&#8221;][vc_column][vc_column_text] Workspace ONE [\/vc_column_text][vc_column_text]Kreativnost i produktivnost va\u0161eg tima, bilo gdje, bilo kada, na bilo kojem ure\u0111aju.[\/vc_column_text][vc_btn title=&#8221;ISPROBAJTE SADA&#8221; style=&#8221;flat&#8221; shape=&#8221;square&#8221; color=&#8221;green&#8221; size=&#8221;lg&#8221; align=&#8221;left&#8221; link=&#8221;url:https%3A%2F%2Fvmware-journey.hr%2Fworkspaceone%2F%23register|||&#8221;][\/vc_column][\/vc_row][vc_row row_padding=&#8221;xt-padding-initial&#8221; [&hellip;]<\/p>\n","protected":false},"author":1,"featured_media":0,"parent":0,"menu_order":0,"comment_status":"closed","ping_status":"closed","template":"","meta":[],"_links":{"self":[{"href":"https:\/\/vmware-journey.hr\/workspaceone\/wp-json\/wp\/v2\/pages\/10"}],"collection":[{"href":"https:\/\/vmware-journey.hr\/workspaceone\/wp-json\/wp\/v2\/pages"}],"about":[{"href":"https:\/\/vmware-journey.hr\/workspaceone\/wp-json\/wp\/v2\/types\/page"}],"author":[{"embeddable":true,"href":"https:\/\/vmware-journey.hr\/workspaceone\/wp-json\/wp\/v2\/users\/1"}],"replies":[{"embeddable":true,"href":"https:\/\/vmware-journey.hr\/workspaceone\/wp-json\/wp\/v2\/comments?post=10"}],"version-history":[{"count":123,"href":"https:\/\/vmware-journey.hr\/workspaceone\/wp-json\/wp\/v2\/pages\/10\/revisions"}],"predecessor-version":[{"id":253,"href":"https:\/\/vmware-journey.hr\/workspaceone\/wp-json\/wp\/v2\/pages\/10\/revisions\/253"}],"wp:attachment":[{"href":"https:\/\/vmware-journey.hr\/workspaceone\/wp-json\/wp\/v2\/media?parent=10"}],"curies":[{"name":"wp","href":"https:\/\/api.w.org\/{rel}","templated":true}]}}